greatest common divisor of 240 and 59400?
120
What is the greatest common divisor of 26976 and 13536?
96
What is the highest common divisor of 329952 and 288?
96
Calculate the highest common factor of 378 and 3766.
14
What is the highest common factor of 395 and 2200?
5
Calculate the highest common factor of 8667 and 3317.
107
Calculate the highest common divisor of 892 and 345204.
892
Calculate the highest common divisor of 640 and 32160.
160
What is the highest common divisor of 2813 and 6499?
97
Calculate the greatest common factor of 15 and 927105.
15
Calculate the highest common factor of 30856 and 68096.
1064
What is the greatest common divisor of 5 and 310155?
5
Calculate the greatest common divisor of 24353 and 7889.
343
What is the highest common factor of 147 and 5299?
7
Calculate the highest common factor of 36 and 410772.
12
What is the greatest common factor of 20 and 34290?
10
What is the greatest common divisor of 1374 and 54?
6
What is the greatest common factor of 1620 and 515?
5
What is the highest common divisor of 113087 and 325?
13
What is the greatest common divisor of 326 and 506767?
163
Calculate the greatest common factor of 12430020 and 223.
223
What is the highest common divisor of 7590 and 55506?
66
Calculate the greatest common factor of 10020360 and 632.
632
What is the greatest common factor of 30898 and 28?
14
What is the greatest common divisor of 34335 and 1090?
545
Calculate the greatest common divisor of 4779 and 648.
81
Calculate the highest common factor of 11 and 280753.
11
Calculate the greatest common divisor of 23 and 49289.
23
What is the greatest common factor of 631818 and 1314?
18
Calculate the highest common factor of 6392 and 8272.
376
What is the greatest common factor of 9 and 164151?
9
What is the highest common factor of 32777 and 292?
73
Calculate the greatest common divisor of 78 and 39234.
78
Calculate the highest common divisor of 168 and 241056.
24
What is the highest common factor of 2990 and 12610?
130
What is the highest common factor of 39025 and 70?
35
What is the greatest common divisor of 1104777 and 3?
3
Calculate the greatest common factor of 550 and 29910.
10
Calculate the highest common factor of 428 and 2996.
428
What is the highest common factor of 396972 and 36?
36
Calculate the highest common divisor of 13886 and 5502.
262
Calculate the greatest common divisor of 799273 and 23.
23
What is the greatest common divisor of 343863 and 234?
117
What is the greatest common factor of 103571 and 2015?
403
What is the highest common factor of 1280 and 4840?
40
Calculate the highest common factor of 220345 and 13970.
635
What is the greatest common divisor of 197660 and 20?
20
Calculate the greatest common divisor of 7619 and 2983.
19
Calculate the greatest common divisor of 982 and 1042.
2
What is the greatest common factor of 32 and 19408?
16
What is the highest common factor of 435540 and 204?
204
What is the highest common factor of 511 and 6351?
73
Calculate the highest common divisor of 875 and 60250.
125
Calculate the highest common factor of 6696 and 589.
31
What is the greatest common factor of 193445 and 35?
35
What is the greatest common factor of 4035 and 60?
15
Calculate the highest common divisor of 860595 and 30.
15
What is the highest common divisor of 5211 and 216?
27
What is the greatest common divisor of 1249714 and 1370?
274
What is the greatest common factor of 158 and 10205773?
79
What is the highest common divisor of 4336 and 592?
16
What is the highest common divisor of 2204 and 26999?
551
What is the highest common divisor of 95130 and 3926?
302
Calculate the highest common factor of 57 and 2372.
1
Calculate the greatest common divisor of 26748 and 288.
36
Calculate the highest common factor of 415 and 35773.
83
Calculate the highest common divisor of 2492689 and 314.
157
What is the greatest common factor of 29459 and 3641?
331
Calculate the greatest common factor of 2240 and 854210.
70
Calculate the greatest common factor of 2060 and 8620.
20
Calculate the greatest common divisor of 684 and 42750.
342
What is the highest common divisor of 62375 and 1996?
499
What is the highest common factor of 21 and 37121?
7
What is the highest common factor of 5280 and 25960?
440
What is the highest common factor of 143365 and 5?
5
What is the greatest common factor of 2877 and 399?
21
What is the greatest common divisor of 1078 and 594517?
539
What is the highest common factor of 2511390 and 210?
210
What is the highest common factor of 311328 and 4794?
282
What is the greatest common factor of 676 and 1299610?
338
Calculate the highest common divisor of 9313 and 2881.
67
What is the highest common divisor of 74 and 6586?
74
What is the greatest common factor of 99864 and 4864?
152
Calculate the greatest common divisor of 1260 and 4338.
18
What is the highest common factor of 238 and 19397?
119
What is the greatest common divisor of 639381 and 134?
67
What is the greatest common divisor of 32540 and 320?
20
What is the highest common divisor of 16 and 18628?
4
Calculate the highest common factor of 57229 and 2869.
151
What is the highest common factor of 184 and 1264?
8
Calculate the greatest common factor of 140 and 154308.
28
Calculate the greatest common divisor of 500 and 86250.
250
What is the greatest common factor of 14218 and 8?
2
What is the highest common divisor of 13824 and 486?
54
What is the greatest common factor of 21645 and 2925?
585
What is the greatest common factor of 1840 and 11320?
40
Calculate the highest common factor of 15 and 11265.
15
Calculate the highest common divisor of 2304 and 264.
24
What is the highest common factor of 53 and 359234?
53
Calculate the highest common divisor of 616 and 302148.
308
What is the highest common divisor of 5580 and 10260?
180
What is the greatest common factor of 3081 and 28440?
237
Calculate the greatest common divisor of 4 and 2457.
1
What is the greatest common divisor of 1008189 and 39?
39
Calculate the highest common divisor of 100 and 261700.
100
What is the greatest common divisor of 314 and 35011?
157
Calculate the greatest common divisor of 4455 and 783.
27
Calculate the highest common divisor of 280 and 12920.
40
Calculate the greatest common factor of 38 and 124963.
19
What is the greatest common factor of 216 and 13352?
8
Calculate the greatest common divisor of 1929 and 68801.
643
Calculate the greatest common divisor of 56504 and 196.
28
What is the greatest common divisor of 610 and 2737802?
122
What is the highest common divisor of 4202 and 4004?
22
What is the highest common factor of 30 and 189690?
30
Calculate the greatest common divisor of 220 and 101090.
110
What is the greatest common divisor of 384 and 2256?
48
What is the highest common factor of 940235 and 470?
235
What is the highest common factor of 40495 and 1335?
445
What is the greatest common divisor of 385 and 3535?
35
Calculate the highest common divisor of 2232 and 516744.
72
Calculate the greatest common factor of 61671 and 183.
183
Calculate the highest common factor of 1874348 and 784.
196
Calculate the greatest common divisor of 4485 and 520.
65
Calculate the greatest common divisor of 7735 and 525385.
595
Calculate the greatest common divisor of 15677 and 17873.
61
Calculate the highest common divisor of 48 and 10464.
48
What is the highest common divisor of 336 and 271152?
336
Calculate the highest common factor of 100 and 201350.
50
What is the highest common factor of 67555 and 7670?
295
Calculate the greatest common divisor of 117145 and 30.
5
Calculate the greatest common factor of 64 and 456256.
64
Calculate the greatest common factor of 9 and 82773.
9
Calculate the highest common factor of 2108 and 104.
4
Calculate the highest common divisor of 12595 and 385.
55
Calculate the greatest common divisor of 25270 and 350.
70
Calculate the highest common factor of 72 and 134856.
72
What is the greatest common divisor of 187564 and 1040?
52
Calculate the highest common divisor of 342 and 188442.
342
Calculate the highest common factor of 41 and 12843988.
41
What is the highest common factor of 1757 and 3958521?
1757
What is the highest common factor of 7150 and 141900?
550
Calculate the greatest common divisor of 22